 h be x(8). Let j be h/2 - 46/(-4). Let r be ((-2)/3)/(-2*5/600). Calculate the highest common divisor of r and j.
10
Let a be (72 - 0)*(-20)/(-40). What is the highest common divisor of a and 234?
18
Let t(a) = -a**2 - 9*a + 90. Let i be t(-14). Calculate the greatest common divisor of 320 and i.
20
Suppose 8*w - 5*w - 120 = 0. Suppose 8*a - w = 32. What is the highest common divisor of 99 and a?
9
Let b be 18/(-4)*20/(-3). Let v = -24 + b. What is the greatest common divisor of 42 and v?
6
Let b be 28/(-112) + (-37)/(-4) + -1. Let w be (-1 + -1)*(5 - 156/b). What is the highest common divisor of w and 87?
29
Let d be (-9 - 3454/(-38)) + 2/19. What is the highest common factor of d and 369?
41
Suppose -3*d = -4*q + 1144, -4*q + 413 + 759 = 4*d. Suppose 0 = -0*k + 4*k - 2*r - 382, 3*k - 4*r = q. Calculate the greatest common factor of k and 38.
19
Let f = 1426 + -1246. Calculate the greatest common divisor of f and 20.
20
Suppose 4*t + t = 540. Suppose 510 = 14*c + 174. What is the greatest common factor of t and c?
12
Let v(i) = i. Let q(t) = -15*t + 6. Let u(d) = -q(d) - 4*v(d). Let y be u(6). Calculate the highest common divisor of y and 24.
12
Let z(h) = h**3 + 4*h**2 - 4*h + 6. Let k be z(-5). Let p(y) = y**2 + 11*y + 23. Let l be p(-9). Calculate the highest common divisor of l and k.
1
Let w(m) = -m**2 + 8*m + 6. Let j be w(6). Let g be (-24)/(-108) - (-158)/j. Let i be (-6)/g + 218/3. What is the greatest common divisor of i and 9?
9
Let o(m) = -m - 5. Let v be o(-6). Let x = v + 4. Suppose -4*i - 2*r = -46, 2*i + 7 = -0*i + x*r. Calculate the highest common divisor of i and 3.
3
Suppose 17*a = -14*a + 50685. What is the highest common factor of 15 and a?
15
Let y = 36 + -6. Let g be y - 3/12*-6*-2. What is the highest common factor of g and 27?
27
Let y(o) = o**2 - 18*o - 168. Let n be y(-8). Calculate the highest common factor of 8 and n.
8
Let g = -11529 - -11537. Let a = 10 + -7. Suppose -4*w - 324 = -5*v, 5*w = 2*w - a. What is the greatest common divisor of v and g?
8
Let s(i) = 3*i - 31. Let z be s(18). Calculate the greatest common factor of z and 1.
1
Let c(m) = 2*m**2 - 8 + 2*m + 1 + 1. Let r be c(4). Let h(f) = -2*f**2 - 41*f - 173. Let q be h(-9). Calculate the highest common divisor of q and r.
34
Let r(c) = 3*c**2 - 9*c - 2. Let w be r(5). What is the greatest common divisor of 476 and w?
28
Let z be (-3)/(-21) + 11/((-462)/(-540)). Calculate the highest common divisor of 169 and z.
13
Let c(x) = 30*x**2 + 38*x + 82. Let w be c(-2). Calculate the highest common divisor of w and 70.
14
Let b be 6*(-12)/8 + 655. Calculate the greatest common factor of 76 and b.
38
Let j be (-984)/(-44) - (-16)/(-44). What is the highest common divisor of j and 1606?
22
Let h be -3*(-5)/(4 - -1). Suppose 0*d + 4*w + 29 = d, 0 = h*d + 5*w - 19. Calculate the highest common factor of d and 117.
13
Let f = -210 + 222. Calculate the highest common factor of f and 212.
4
Suppose 5*n + 0*n = 125. Let d = 52 - n. Let h = 78 + 219. Calculate the greatest common divisor of d and h.
27
Let b be -3 - (0/(-25) + -644 + 1). What is the highest common divisor of b and 10?
10
Suppose -p - 6 = 2*p. Let v be (-65)/p*4/5. Let x = 2725 - 2712. Calculate the highest common factor of v and x.
13
Let a = -41 - -5. Let o be 56*(a/8)/(-9). What is the highest common divisor of 28 and o?
28
Suppose -11*o + 24 + 31 = 0. Suppose 0 = -3*c - g - g + 229, -o*g - 390 = -5*c. Calculate the highest common divisor of c and 7.
7
Let p be (1 + -2)/(3/(-90)). Let n(c) = -12*c + 507. Let x be n(36). What is the greatest common divisor of p and x?
15
Suppose -3*j + 0*j + 1761 = 0. Let t = j - 397. What is the greatest common divisor of 76 and t?
38
Suppose 4*w + 76 = 5*d - 91, -4*w - 132 = -4*d. Calculate the highest common factor of d and 7.
7
Let w = 166 - 96. Let n(x) = -x**3 - 4*x**2 + 2. Let t be n(-3). Let a be (t/(-3))/(3/18). What is the highest common divisor of w and a?
14
Suppose 0 = 3*r - r + 18. Let g = r + 18. Let i be (-6)/(((-54)/8)/g). Calculate the highest common divisor of i and 88.
8
Suppose -4*o + 5*y = -57, -4*y - 6 = -7*o + 6*o. What is the highest common factor of 126 and o?
18
Suppose 0*g = g - 8. Let l(a) = 152*a - 2248. Let p be l(15). What is the highest common divisor of g and p?
8
Let d(i) = -i**2 + 7*i - 8. Let u be d(8). Let p(m) = -m**3 - 15*m**2 + 8*m + 16. Let z be p(u). What is the highest common factor of 16 and z?
16
Let t be -1 + 8/6 - (-39950)/30. What is the highest common factor of t and 6?
6
Let c(u) = -62*u + 393. Let z be c(6). What is the greatest common factor of z and 287?
7
Let n(a) = 4*a**2 + a - 2. Let h be n(2). Let i = -10 + h. Suppose 22569*s - 462 = 22562*s. Calculate the highest common divisor of i and s.
6
Suppose 501*q = 507*q - 2268. What is the greatest common divisor of 54 and q?
54
Let y be 4 - ((-297)/5 - (-45)/(-75)). Let i(o) = o**3 - 5*o**2 - 5*o + 2. Let v be i(6). What is the greatest common factor of v and y?
8
Let r(v) = v**3 + 5*v**2 - 8. Suppose 0 = 4*p + 13 + 3. Let l be r(p). Calculate the greatest common divisor of 12 and l.
4
Suppose 0 = 3*k - 0*k + 5*z - 2, -3*z - 2 = k. Let r be 0*(2 + (-6)/k). Suppose -2*i + r = -2, -i = 3*n - 37. What is the highest common factor of n and 96?
12
Let s = -461 - -536. What is the highest common divisor of s and 60?
15
Suppose 0 = -r + 6*r - 5910. Let k be r/78 + 2/(-13). Let f = -34 + 154. Calculate the highest common factor of k and f.
15
Suppose 6*r - 5*r - 2 = 0. Suppose 204 = r*u - 14. Suppose 1149 = 5*k + u. Calculate the greatest common divisor of 26 and k.
26
Let v = 864 + -836. What is the greatest common factor of v and 154?
14
Let z(p) = 10*p - 7. Let m be z(1). Suppose 7*b = 3*w + 5*b - 52, m*w - 5*b - 40 = 0. Suppose y - 8 - 2 = 0. What is the greatest common divisor of y and w?
10
Let f be (-3)/((-15)/(-5))*-44. Suppose 24 = 5*w + 4. Calculate the greatest common divisor of w and f.
4
Let p(f) = 4*f - 153. Let l be p(0). Let v = l - -234. What is the greatest common factor of 9 and v?
9
Let v(j) = j**3 + 11*j**2 + 23*j + 4. Let a be v(-8). What is the highest common divisor of a and 588?
12
Suppose 10*d - 5*d + 1050 = 0. Let x be d/(-8) - (-5)/(-20). Suppose 129*p - 145*p + 4576 = 0. What is the highest common factor of x and p?
26
Let c(i) = 5*i - 12. Let y be (-394)/(-9) - (-16)/72. Suppose 0 = 6*a - y - 28. Let x be c(a). What is the highest common factor of x and 12?
12
Suppose -4*z + 51 = 51. Let d be 5/(-1)*(-2)/5. Suppose 0 = -d*v - 4*g + 108, z*g = 3*v + g - 162. Calculate the greatest common factor of v and 36.
18
Let z(x) = 44*x**3 + 2*x**2 + x + 18. Let h be z(4). Calculate the greatest common factor of h and 35.
35
Let l = -615 - -650. What is the greatest common factor of 25 and l?
5
Let r = 45 + -21. Let b = 1216 + -1024. What is the highest common factor of b and r?
24
Let l(h) = h + 17. Let v be l(0). Suppose -v*g + 14*g = -51. Suppose -2*a = -21 - g. What is the highest common factor of a and 76?
19
Let r = 349 - 293. Calculate the highest common divisor of r and 40.
8
Suppose 0 = 3*z + 1 - 46. Let m be z/(-6)*620/(-25). Calculate the greatest common divisor of 31 and m.
31
Let j(o) = -o**2 - 10*o + 23 - 11 - 14. Let a be j(-7). Let s be (-19)/4*(0 + -12). Calculate the highest common factor of a and s.
19
Let r(x) = -x - 11. Let u be r(-17). Let y = -11 + 32. Calculate the greatest common factor of u and y.
3
Let r(w) = 40*w - 333. Let j be r(9). What is the greatest common factor of 837 and j?
27
Let g be (66/(-12))/(-1)*2. Let v = 18 - g. Let p = 15 - 8. Calculate the greatest common divisor of p and v.
7
Suppose 4171*f + 1260 = 4174*f. What is the greatest common factor of 480 and f?
60
Suppose 4*w = -637 - 671. Let c = -228 - w. Suppose u - 276 + 265 = 0. What is the greatest common divisor of u and c?
11
Let y be (-2)/(-4)*-2*-13. Let l be 5/2*(-6)/(-5). Let p = l + 23. Calculate the highest common factor of p and y.
13
Let c be 248 + -4 + 10 + -2 + -5. Calculate the greatest common divisor of c and 38.
19
Suppose -g = -0*g - j + 38, g - 4*j + 41 = 0. Let v = g - -38. Calculate the greatest common divisor of 1 and v.
1
Suppose -46 = -4*c - 5*m, 5*m + 8 = 11*c - 9*c. Suppose 0 = 3*h - 4*w + 17, 2*h - 4*w + 25 - 7 = 0. What is the 